113313 (base 4) to base 7.
4254051
-5552541 (base 6) to base 12
-115751
Convert 197a97 (base 16) to base 15.
22eb3d
7a7996 (base 13) to base 11
1702095
What is -929566 (base 10) in base 8?
-3427436
What is 4dcd82 (base 15) in base 3?
21000222011212
What is 58c49 (base 14) in base 13?
7769c
What is 2867590 (base 10) in base 9?
5350531
What is 153355421 (base 6) in base 14?
60872d
What is 161a389 (base 11) in base 13?
75b168
4432122023 (base 5) to base 2
100100110010110011001111
-20020102002221 (base 3) to base 13
-8c0a5b
Convert -62931 (base 16) to base 10.
-403761
Convert -303983 (base 15) to base 14.
-43899c
What is -6388502 (base 9) in base 14?
-652008
What is -1000110100001101011011 (base 2) in base 14?
-4422b9
-220210102 (base 3) to base 7
-103460
-6ab984 (base 12) to base 7
-20424532
Convert 22302400 (base 5) to base 14.
51c37
Convert -5721cc (base 15) to base 2.
-1111110111001111010001
What is 222201011211 (base 3) in base 10?
525739
-46870b (base 14) to base 4
-21023030013
-53455335 (base 6) to base 13
-4335b9
Convert -13223030 (base 7) to base 6.
-42021232
What is -22109 (base 15) in base 6?
-2153030
Convert 101110012022 (base 3) to base 8.
621631
Convert 213122244 (base 5) to base 12.
37b205
Convert ab19 (base 14) to base 3.
1111122000
Convert -1c75b2 (base 16) to base 6.
-103550522
162333 (base 16) to base 10
1450803
What is 12fd75 (base 16) in base 15?
198b3d
Convert 2460534 (base 7) to base 3.
121010010020
Convert 200220002110100 (base 3) to base 12.
3442309
535254125 (base 6) to base 15
c78112
What is 313502 (base 9) in base 8?
553676
What is 323330100 (base 4) in base 16?
3bf10
Convert -547063 (base 9) to base 8.
-1175771
Convert -9520a (base 11) to base 6.
-2550004
271961 (base 10) to base 3
111211001122
What is -7c475 (base 13) in base 9?
-375422
Convert 110a2a6 (base 12) to base 5.
1313040020
What is -1001334 (base 7) in base 13?
-41a27
What is -a31375 (base 13) in base 5?
-1433121123
244389 (base 10) to base 3
110102020110
Convert -76f63 (base 16) to base 14.
-c980b
What is -524502151 (base 6) in base 16?
-8c22d3
What is -3460473 (base 9) in base 2?
-111001000100111000011
21834d (base 15) to base 6
54122031
Convert -1000001011011 (base 3) to base 15.
-a7aa7
What is -8ba693 (base 12) in base 6?
-115540303
What is 2444dd (base 15) in base 12?
6b866a
-7db23e (base 16) to base 3
-120111111220102
What is bd34 (base 16) in base 8?
136464
What is 488278 (base 9) in base 7?
2335220
Convert -37024722 (base 8) to base 9.
-16272080
Convert 10202101020010 (base 3) to base 13.
54b343
What is 2325377 (base 8) in base 4?
2122223333
What is -100101011100011 (base 2) in base 4?
-10223203
What is 6a1b0 (base 13) in base 3?
100211122011
-1891be (base 15) to base 5
-301221104
3001224 (base 6) to base 8
421760
What is 5b1208 (base 12) in base 9?
2686288
What is -302434243 (base 5) in base 12?
-4a8aa1
Convert -3449c3 (base 14) to base 6.
-102052543
Convert 223313000 (base 4) to base 7.
1345520
What is -84238 (base 12) in base 13?
-60a5b
What is -22f40 (base 16) in base 13?
-5021c
Convert 30377642 (base 8) to base 13.
143b375
302022143 (base 5) to base 2
100100110000111000001
What is -33401030 (base 5) in base 10?
-293890
Convert 49002 (base 14) to base 8.
534272
What is -1b9c (base 13) in base 7?
-15126
What is 5170a85 (base 12) in base 9?
31747502
What is 101bc5 (base 13) in base 3?
201002002210
40466665 (base 7) to base 6
200223501
What is -100001100101000111 (base 2) in base 6?
-2540435
What is -103101233020 (base 4) in base 9?
-10451841
203444 (base 5) to base 11
5086
Convert 30321403 (base 6) to base 12.
359263
What is -6622188 (base 10) in base 15?
-8ac1e3
-10001001110111110010111 (base 2) to base 4
-101032332113
What is -10022221 (base 4) in base 11?
-11904
Convert -240565 (base 10) to base 8.
-725665
-391a4 (base 11) to base 12
-285a1
-1011000101001000 (base 2) to base 10
-45384
What is -1161604 (base 7) in base 16?
-247ff
What is 3584351 (base 9) in base 3?
10122211101201
What is -5544561 (base 7) in base 14?
-13b168
Convert -33002130 (base 4) to base 16.
-f09c
Convert 17ddc5 (base 16) to base 12.
635199
What is 10042726 (base 8) in base 9?
3873243
c4973 (base 14) to base 3
220001222101
What is 111122221102112 (base 3) in base 13?
1673492
Convert -4bc7a1 (base 16) to base 13.
-104b656
What is 10020221102 (base 3) in base 16?
fa6d
243440014 (base 5) to base 11
71a277
8355a1 (base 11) to base 8
5070466
Convert -2666646 (base 8) to base 7.
-6236401
What is -206087 (base 10) in base 13?
-72a5b
Convert 13203221310 (base 4) to base 5.
1001343134
-1045103431 (base 6) to base 5
-10412024212
Convert -10000011011100000100 (base 2) to base 6.
-15312244
Convert 35566486 (base 9) to base 11.
9877a26
Convert 730590 (base 10) to base 4.
2302113132
What is 1220312 (base 4) in base 8?
15066
Convert -1101010000110010100110 (base 2) to base 16.
-350ca6
What is -a28337 (base 11) in base 12?
-677423
5c3c38 (base 13) to base 3
11011011121201
Convert -33794 (base 14) to base 12.
-603b2
-245031 (base 7) to base 6
-544043
Convert -2202010210020 (base 3) to base 11.
-907439
What is 1314261 (base 8) in base 9?
618101
252301502 (base 6) to base 3
100011201112202
-26174 (base 12) to base 9
-78377
-11024241 (base 10) to base 14
-166d81b
Convert dd67f (base 16) to base 5.
213010004
What is -1061b2 (base 12) in base 13?
-9114b
Convert 3214023310 (base 5) to base 11.
3913153
Convert 3150042 (base 6) to base 4.
211222022
-4b341 (base 12) to base 4
-121000201
What is 35305 (base 11) in base 14?
147d0
What is 43020542 (base 6) in base 11?
7925a7
-13638216 (base 9) to base 7
-111302343
-141451142 (base 6) to base 8
-13000446
What is 191a37 (base 15) in base 7?
13242553
33450051 (base 6) to base 2
11111000011000101111
What is -1413005 (base 6) in base 4?
-103131131
b676b (base 12) to base 2
111010011111000011
Convert -602806 (base 9) to base 10.
-356406
-16651366 (base 7) to base 11
-a22305
-1145531101 (base 6) to base 9
-26667011
-32221003231 (base 4) to base 3
-21020000000011
Convert 101102123 (base 4) to base 5.
4231221
What is -3652a33 (base 11) in base 5?
-3111424402
-488c9 (base 16) to base 3
-120002121222
What is 1001550 (base 13) in base 9?
10071353
Convert 3c208 (base 13) to base 9.
181151
Convert -531440 (base 7) to base 8.
-263235
What is -542225 (base 7) in base 16?
-170ea
Convert -101001001001111 (base 2) to base 10.
-21071
-557aba (base 12) to base 11
-84aa24
-37142 (base 15) to base 12
-8588b
Convert 31424433 (base 5) to base 12.
108ba8
Convert 2313113121 (base 4) to base 8.
2672731
Convert 255332135 (base 6) to base 11.
2919585
What is -326b2 (base 13) in base 4?
-112101210
What is 1343311 (base 7) in base 4?
223222222
What is 276632 (base 8) in base 11?
6743a
102302003 (base 4) to base 9
126468
Convert 368a (base 12) to base 11.
4695
Convert 20112001221 (base 3) to base 9.
215057
2112030330 (base 5) to base 7
52316640
18052 (base 9) to base 5
344230
Convert -54411323 (base 6) to base 8.
-6132143
What is -52a7b (base 12) in base 11?
-74712
Convert 100010100100010000001100 (base 2) to base 12.
304ba38
5674e (base 15) to base 7
2223551
What is -2023660 (base 7) in base 10?
-241465
What is 3139e (base 15) in base 8?
460652
-23212131 (base 4) to base 16
-b99d
Convert -40141000 (base 6) to base 8.
-4244570
-99967 (base 12) to base 6
-4210211
212100222220 (base 3) to base 14
bd8cc
What is -103606140 (base 7) in base 15?
-82d2a0
-5251200 (base 6) to base 3
-110222121200
What is 7b359 (base 14) in base 7?
2355642
Convert -310840 (base 9) to base 14.
-4b2ac
-25535153 (base 6) to base 15
-118049
What is 2c1973 (base 15) in base 5?
1021204013
-120133201 (base 5) to base 14
-1053c1
-2262 (base 8) to base 3
-1122112
Convert 121001203 (base 4) to base 6.
2110311
Convert -22505342 (base 8) to base 13.
-1020780
Convert 2030431413 (base 5) to base 11.
2388985
-252bb (base 15) to base 2
-11100111111011111
What is 5340235 (base 6) in base 13?
92282
-382739 (base 11) to base 13
-181ac8
Convert -3141005 (base 10) to base 2.
-1011111110110110001101
Convert -113103322 (base 4) to base 6.
-2014014
What is -bd779 (base 14) in base 4?
-1300033033
What is -100001001101110001 (base 2) in base 4?
-201031301
What is 34014341 (base 5) in base 4?
1020301300
51ab95 (base 12) to base 10
1